{"id":3397,"date":"2025-02-09T01:49:34","date_gmt":"2025-02-09T01:49:34","guid":{"rendered":"https:\/\/taluns.com\/?page_id=3397"},"modified":"2025-03-07T20:37:38","modified_gmt":"2025-03-07T20:37:38","slug":"nuestros-servicios","status":"publish","type":"page","link":"https:\/\/taluns.com\/?page_id=3397","title":{"rendered":"Nuestros Servicios"},"content":{"rendered":"<p>[vc_row el_class=\u00bbvc-col-no-pt\u00bb][vc_column][g5element_space spacing=\u00bb55&#8243; spacing_sm=\u00bb20&#8243; spacing_xs=\u00bb20&#8243;][\/vc_column][vc_column][g5element_heading layout_style=\u00bbstyle-02&#8243; title=\u00bbNuestros Servicios\u00bb title_typography=\u00bb%7B%22font_family%22%3A%22Poppins%22%2C%22font_weight%22%3A%22600%22%2C%22font_style%22%3A%22normal%22%2C%22font_size_lg%22%3A%2240%22%2C%22font_size_md%22%3A%22%22%2C%22font_size_sm%22%3A%22%22%2C%22font_size_xs%22%3A%2232%22%2C%22align%22%3A%22center%22%2C%22text_transform%22%3A%22%22%2C%22line_height%22%3A%221.5%22%2C%22letter_spacing%22%3A%22%22%2C%22color%22%3A%22%22%2C%22hover_color%22%3A%22%22%7D\u00bb subtitle_typography=\u00bb%7B%22font_family%22%3A%22%22%2C%22font_weight%22%3A%22%22%2C%22font_style%22%3A%22%22%2C%22font_size_lg%22%3A%2225%22%2C%22font_size_md%22%3A%22%22%2C%22font_size_sm%22%3A%22%22%2C%22font_size_xs%22%3A%22%22%2C%22align%22%3A%22right%22%2C%22text_transform%22%3A%22%22%2C%22line_height%22%3A%22%22%2C%22letter_spacing%22%3A%22%22%2C%22color%22%3A%22%22%2C%22hover_color%22%3A%22%22%7D\u00bb][g5element_space spacing=\u00bb50&#8243; spacing_md=\u00bb40&#8243; spacing_sm=\u00bb20&#8243; spacing_xs=\u00bb20&#8243;][g5element_slider_container slides_to_show=\u00bb3&#8243; columns_md=\u00bb2&#8243; columns_sm=\u00bb1&#8243; columns_xs=\u00bb1&#8243; navigation_arrow=\u00bb\u00bb][g5element_image_box layout_style=\u00bbstyle-02&#8243; icon_image=\u00bb3243&#8243; img_style=\u00bbimg-square\u00bb img_size=\u00bbimg-size-origin\u00bb title=\u00bbOutsourcing de Procesos Empresariales BPO\u00bb link=\u00bburl:https%3A%2F%2Ftaluns.com%2F%3Fpage_id%3D3317&#8243; switch_show_button=\u00bbon\u00bb text_button=\u00bbConoce M\u00e1s\u00bb title_typography=\u00bb%7B%22font_family%22%3A%22%22%2C%22font_weight%22%3A%22%22%2C%22font_style%22%3A%22%22%2C%22font_size_lg%22%3A%2218%22%2C%22font_size_md%22%3A%22%22%2C%22font_size_sm%22%3A%22%22%2C%22font_size_xs%22%3A%22%22%2C%22align%22%3A%22%22%2C%22text_transform%22%3A%22%22%2C%22line_height%22%3A%22%22%2C%22letter_spacing%22%3A%22%22%2C%22color%22%3A%22%22%2C%22hover_color%22%3A%22%22%7D\u00bb description_typography=\u00bb%7B%22font_family%22%3A%22%22%2C%22font_weight%22%3A%22%22%2C%22font_style%22%3A%22%22%2C%22font_size_lg%22%3A%2212%22%2C%22font_size_md%22%3A%22%22%2C%22font_size_sm%22%3A%22%22%2C%22font_size_xs%22%3A%22%22%2C%22align%22%3A%22%22%2C%22text_transform%22%3A%22%22%2C%22line_height%22%3A%22%22%2C%22letter_spacing%22%3A%22%22%2C%22color%22%3A%22%22%2C%22hover_color%22%3A%22%22%7D\u00bb button_style=\u00bboutline\u00bb]<span style=\"color: #333333; font-size: 14px;\">Integramos tecnolog\u00eda avanzada y estrategias personalizadas de BPO, garantizando la eficiencia operativa, optimizaci\u00f3n de costos y una experiencia excepcional para cada cliente, a trav\u00e9s de agentes multilingues.<\/span>[\/g5element_image_box][g5element_image_box layout_style=\u00bbstyle-02&#8243; icon_image=\u00bb3247&#8243; img_style=\u00bbimg-square\u00bb img_size=\u00bbimg-size-origin\u00bb title=\u00bbOutsourcing de Procesos Basados en Conocimiento KPO\u00bb link=\u00bburl:https%3A%2F%2Ftaluns.com%2F%3Fpage_id%3D3350&#8243; switch_show_button=\u00bbon\u00bb text_button=\u00bbConoce M\u00e1s\u00bb title_typography=\u00bb%7B%22font_family%22%3A%22%22%2C%22font_weight%22%3A%22%22%2C%22font_style%22%3A%22%22%2C%22font_size_lg%22%3A%2218%22%2C%22font_size_md%22%3A%22%22%2C%22font_size_sm%22%3A%22%22%2C%22font_size_xs%22%3A%22%22%2C%22align%22%3A%22%22%2C%22text_transform%22%3A%22%22%2C%22line_height%22%3A%22%22%2C%22letter_spacing%22%3A%22%22%2C%22color%22%3A%22%22%2C%22hover_color%22%3A%22%22%7D\u00bb description_typography=\u00bb%7B%22font_family%22%3A%22%22%2C%22font_weight%22%3A%22%22%2C%22font_style%22%3A%22%22%2C%22font_size_lg%22%3A%2213%22%2C%22font_size_md%22%3A%22%22%2C%22font_size_sm%22%3A%22%22%2C%22font_size_xs%22%3A%22%22%2C%22align%22%3A%22%22%2C%22text_transform%22%3A%22%22%2C%22line_height%22%3A%22%22%2C%22letter_spacing%22%3A%22%22%2C%22color%22%3A%22%22%2C%22hover_color%22%3A%22%22%7D\u00bb button_style=\u00bboutline\u00bb]<span style=\"color: #333333; font-size: 14px;\">Generamos conocimiento estrat\u00e9gico que impulsa decisiones informadas y efectivas a trav\u00e9s de nuestra oferta de Soluciones Empresariales e Inteligencia de Negocios.<\/span>[\/g5element_image_box][g5element_image_box layout_style=\u00bbstyle-02&#8243; icon_image=\u00bb3246&#8243; img_style=\u00bbimg-square\u00bb img_size=\u00bbimg-size-origin\u00bb title=\u00bbOutsourcing Tecnol\u00f3gico ITO\u00bb link=\u00bburl:https%3A%2F%2Ftaluns.com%2F%3Fpage_id%3D3338&#8243; switch_show_button=\u00bbon\u00bb text_button=\u00bbConoce M\u00e1s\u00bb title_typography=\u00bb%7B%22font_family%22%3A%22%22%2C%22font_weight%22%3A%22%22%2C%22font_style%22%3A%22%22%2C%22font_size_lg%22%3A%2218%22%2C%22font_size_md%22%3A%22%22%2C%22font_size_sm%22%3A%22%22%2C%22font_size_xs%22%3A%22%22%2C%22align%22%3A%22%22%2C%22text_transform%22%3A%22%22%2C%22line_height%22%3A%22%22%2C%22letter_spacing%22%3A%22%22%2C%22color%22%3A%22%22%2C%22hover_color%22%3A%22%22%7D\u00bb description_typography=\u00bb%7B%22font_family%22%3A%22%22%2C%22font_weight%22%3A%22%22%2C%22font_style%22%3A%22%22%2C%22font_size_lg%22%3A%2213%22%2C%22font_size_md%22%3A%22%22%2C%22font_size_sm%22%3A%22%22%2C%22font_size_xs%22%3A%22%22%2C%22align%22%3A%22%22%2C%22text_transform%22%3A%22%22%2C%22line_height%22%3A%22%22%2C%22letter_spacing%22%3A%22%22%2C%22color%22%3A%22%22%2C%22hover_color%22%3A%22%22%7D\u00bb button_style=\u00bboutline\u00bb]<span style=\"color: #333333; font-size: 14px;\">Implementamos soluciones tecnol\u00f3gicas de vanguardia que optimizan operaciones y mejoran la experiencia del cliente. Optimizamos costes en procesos productivos y centramos los recursos de la empresa en procesos cr\u00edticos.<\/span>[\/g5element_image_box][\/g5element_slider_container][\/vc_column][vc_column][g5element_space spacing=\u00bb116&#8243; spacing_md=\u00bb75&#8243;][\/vc_column][\/vc_row][vc_row][vc_column][\/vc_column][vc_column offset=\u00bbvc_col-md-6&#8243;][g5element_banner banner_title=\u00bbIntegramos Inteligencia Artificial, Automatizaci\u00f3n y Soluciones Personalizadas.\u00bb title_typography=\u00bb%7B%22font_family%22%3A%22%22%2C%22font_weight%22%3A%22%22%2C%22font_style%22%3A%22%22%2C%22font_size_lg%22%3A%2228%22%2C%22font_size_md%22%3A%22%22%2C%22font_size_sm%22%3A%2218%22%2C%22font_size_xs%22%3A%2218%22%2C%22align%22%3A%22%22%2C%22text_transform%22%3A%22%22%2C%22line_height%22%3A%22%22%2C%22letter_spacing%22%3A%22%22%2C%22color%22%3A%22%23ffffff%22%2C%22hover_color%22%3A%22%22%7D\u00bb banner_description=\u00bb\u00bb description_typography=\u00bb%7B%22font_family%22%3A%22%22%2C%22font_weight%22%3A%22%22%2C%22font_style%22%3A%22%22%2C%22font_size_lg%22%3A%22%22%2C%22font_size_md%22%3A%2240%22%2C%22font_size_sm%22%3A%22%22%2C%22font_size_xs%22%3A%22%22%2C%22align%22%3A%22%22%2C%22text_transform%22%3A%22%22%2C%22line_height%22%3A%22%22%2C%22letter_spacing%22%3A%22%22%2C%22color%22%3A%22%22%2C%22hover_color%22%3A%22%22%7D\u00bb hover_effect=\u00bbflash-effect\u00bb hover_image_effect=\u00bbzoom-in\u00bb size_mode=\u00bb75&#8243; hover_mode=\u00bbshow-all\u00bb banner_btn_title=\u00bb\u00bb button_color=\u00bblight\u00bb image=\u00bb3259&#8243; link=\u00bburl:https%3A%2F%2Ffurnitor.g5plus.net%2Fshop%2F|title:Shop\u00bb]Content on the Banner[\/g5element_banner][\/vc_column][vc_column offset=\u00bbvc_col-md-6&#8243;][g5element_banner banner_title=\u00bbReducimos los Tiempos de Espera para tu Empresa hasta en un 40%\u00bb title_typography=\u00bb%7B%22font_family%22%3A%22%22%2C%22font_weight%22%3A%22%22%2C%22font_style%22%3A%22%22%2C%22font_size_lg%22%3A%2228%22%2C%22font_size_md%22%3A%22%22%2C%22font_size_sm%22%3A%2218%22%2C%22font_size_xs%22%3A%2218%22%2C%22align%22%3A%22%22%2C%22text_transform%22%3A%22%22%2C%22line_height%22%3A%22%22%2C%22letter_spacing%22%3A%22%22%2C%22color%22%3A%22%23ffffff%22%2C%22hover_color%22%3A%22%22%7D\u00bb banner_description=\u00bb\u00bb description_typography=\u00bb%7B%22font_family%22%3A%22%22%2C%22font_weight%22%3A%22%22%2C%22font_style%22%3A%22%22%2C%22font_size_lg%22%3A%22%22%2C%22font_size_md%22%3A%2240%22%2C%22font_size_sm%22%3A%22%22%2C%22font_size_xs%22%3A%22%22%2C%22align%22%3A%22%22%2C%22text_transform%22%3A%22%22%2C%22line_height%22%3A%22%22%2C%22letter_spacing%22%3A%22%22%2C%22color%22%3A%22%22%2C%22hover_color%22%3A%22%22%7D\u00bb hover_effect=\u00bbflash-effect\u00bb hover_image_effect=\u00bbzoom-in\u00bb size_mode=\u00bb75&#8243; hover_mode=\u00bbshow-all\u00bb banner_btn_title=\u00bb\u00bb button_color=\u00bblight\u00bb image=\u00bb3258&#8243; link=\u00bburl:https%3A%2F%2Ffurnitor.g5plus.net%2Fshop%2F|title:Shop\u00bb]Content on the Banner[\/g5element_banner][\/vc_column][vc_column][g5element_space spacing=\u00bb100&#8243;][\/vc_column][\/vc_row][vc_row css=\u00bb.vc_custom_1739203977113{background-position: 0 0 !important;background-repeat: no-repeat !important;}\u00bb responsive=\u00bbvc_hidden-sm vc_hidden-xs\u00bb][vc_column width=\u00bb1\/2&#8243;][vc_single_image image=\u00bb3361&#8243; img_size=\u00bbfull\u00bb][\/vc_column][vc_column width=\u00bb1\/2&#8243;][g5element_heading layout_style=\u00bbstyle-02&#8243; title=\u00bbLiliana L\u00f3pez\u00bb subtitle=\u00bbFundadora y CEO de Taluns Group SAS\u00bb title_typography=\u00bb%7B%22font_family%22%3A%22Poppins%22%2C%22font_weight%22%3A%22700%22%2C%22font_style%22%3A%22normal%22%2C%22font_size_lg%22%3A%2260%22%2C%22font_size_md%22%3A%22%22%2C%22font_size_sm%22%3A%22%22%2C%22font_size_xs%22%3A%2232%22%2C%22align%22%3A%22right%22%2C%22text_transform%22%3A%22%22%2C%22line_height%22%3A%221.5%22%2C%22letter_spacing%22%3A%22%22%2C%22color%22%3A%22%22%2C%22hover_color%22%3A%22%22%7D\u00bb subtitle_typography=\u00bb%7B%22font_family%22%3A%22%22%2C%22font_weight%22%3A%22%22%2C%22font_style%22%3A%22%22%2C%22font_size_lg%22%3A%2220%22%2C%22font_size_md%22%3A%22%22%2C%22font_size_sm%22%3A%22%22%2C%22font_size_xs%22%3A%22%22%2C%22align%22%3A%22right%22%2C%22text_transform%22%3A%22%22%2C%22line_height%22%3A%22%22%2C%22letter_spacing%22%3A%22%22%2C%22color%22%3A%22%22%2C%22hover_color%22%3A%22%22%7D\u00bb][g5element_space spacing=\u00bb50&#8243;][vc_column_text]<\/p>\n<p style=\"text-align: right;\"><span style=\"color: #333333;\">Con m\u00e1s de 20 a\u00f1os de experiencia en el sector\u00a0<strong>BPO, Contact Center y Customer Experience<\/strong>, Liliana L\u00f3pez ha trabajado en la prestaci\u00f3n de servicios especializados para empresas de diversos sectores, incluyendo\u00a0<strong>banca, salud, consumo masivo, recreaci\u00f3n, seguros y entidades p\u00fablicas<\/strong>. Su enfoque combina\u00a0<strong>consultor\u00eda estrat\u00e9gica y ejecuci\u00f3n operativa<\/strong>, asegurando que cada servicio inicie con un diagn\u00f3stico detallado y una soluci\u00f3n alineada a las necesidades del cliente.<\/span><\/p>\n<p style=\"text-align: right;\"><span style=\"color: #333333;\">Como fundadora y CEO de\u00a0<strong>Taluns Group SAS<\/strong>, ha promovido la integraci\u00f3n de\u00a0<strong>inteligencia artificial y automatizaci\u00f3n de procesos<\/strong> en los servicios de atenci\u00f3n al cliente, mejorando la eficiencia y optimizando la experiencia de usuario en m\u00faltiples canales de comunicaci\u00f3n.<\/span><\/p>\n<p>[\/vc_column_text][g5element_button title=\u00bb\u00a1Conoce M\u00e1s!\u00bb style=\u00bboutline\u00bb size=\u00bblg\u00bb align=\u00bbright\u00bb link=\u00bburl:https%3A%2F%2Ftaluns.com%2F%3Fpage_id%3D164&#8243;][g5element_space spacing=\u00bb100&#8243;][\/vc_column][\/vc_row][vc_row css=\u00bb.vc_custom_1738886722397{margin-bottom: -40px !important;background-position: 0 0 !important;background-repeat: no-repeat !important;}\u00bb responsive=\u00bbvc_hidden-lg vc_hidden-md\u00bb][vc_column][g5element_heading layout_style=\u00bbstyle-02&#8243; title=\u00bbLiliana L\u00f3pez\u00bb subtitle=\u00bbFundadora y CEO de Taluns Group SAS\u00bb title_typography=\u00bb%7B%22font_family%22%3A%22Poppins%22%2C%22font_weight%22%3A%22700%22%2C%22font_style%22%3A%22normal%22%2C%22font_size_lg%22%3A%2260%22%2C%22font_size_md%22%3A%22%22%2C%22font_size_sm%22%3A%22%22%2C%22font_size_xs%22%3A%2232%22%2C%22align%22%3A%22left%22%2C%22text_transform%22%3A%22%22%2C%22line_height%22%3A%221.5%22%2C%22letter_spacing%22%3A%22%22%2C%22color%22%3A%22%22%2C%22hover_color%22%3A%22%22%7D\u00bb subtitle_typography=\u00bb%7B%22font_family%22%3A%22%22%2C%22font_weight%22%3A%22%22%2C%22font_style%22%3A%22%22%2C%22font_size_lg%22%3A%2225%22%2C%22font_size_md%22%3A%22%22%2C%22font_size_sm%22%3A%22%22%2C%22font_size_xs%22%3A%22%22%2C%22align%22%3A%22left%22%2C%22text_transform%22%3A%22%22%2C%22line_height%22%3A%22%22%2C%22letter_spacing%22%3A%22%22%2C%22color%22%3A%22%22%2C%22hover_color%22%3A%22%22%7D\u00bb][g5element_space spacing=\u00bb50&#8243;][vc_column_text]<\/p>\n<p style=\"text-align: left;\"><span style=\"color: #333333;\">Con m\u00e1s de 20 a\u00f1os de experiencia en el sector\u00a0<strong>BPO, Contact Center y Customer Experience<\/strong>, Liliana L\u00f3pez ha trabajado en la prestaci\u00f3n de servicios especializados para empresas de diversos sectores, incluyendo\u00a0<strong>banca, salud, consumo masivo, recreaci\u00f3n, seguros y entidades p\u00fablicas<\/strong>. Su enfoque combina\u00a0<strong>consultor\u00eda estrat\u00e9gica y ejecuci\u00f3n operativa<\/strong>, asegurando que cada servicio inicie con un diagn\u00f3stico detallado y una soluci\u00f3n alineada a las necesidades del cliente.<\/span><\/p>\n<p style=\"text-align: left;\"><span style=\"color: #333333;\">Como fundadora y CEO de\u00a0<strong>Taluns Group SAS<\/strong>, ha promovido la integraci\u00f3n de\u00a0<strong>inteligencia artificial y automatizaci\u00f3n de procesos<\/strong> en los servicios de atenci\u00f3n al cliente, mejorando la eficiencia y optimizando la experiencia de usuario en m\u00faltiples canales de comunicaci\u00f3n.<\/span><\/p>\n<p>[\/vc_column_text][g5element_button title=\u00bb\u00a1Conoce M\u00e1s!\u00bb style=\u00bboutline\u00bb size=\u00bblg\u00bb align=\u00bbleft\u00bb link=\u00bburl:https%3A%2F%2Ftaluns.com%2F%3Fpage_id%3D164&#8243;][g5element_space spacing=\u00bb50&#8243;][vc_single_image image=\u00bb3361&#8243; img_size=\u00bbfull\u00bb][\/vc_column][\/vc_row][vc_row full_width=\u00bbstretch_row\u00bb gap=\u00bb35&#8243; css=\u00bb.vc_custom_1739204231412{background-color: #269b46 !important;}\u00bb el_class=\u00bbvc-col-no-pt\u00bb][vc_column][g5element_space spacing=\u00bb96&#8243; spacing_md=\u00bb68&#8243;][g5element_heading layout_style=\u00bbstyle-02&#8243; title=\u00bb\u00a1Somos los mejores!\u00bb title_typography=\u00bb%7B%22font_family%22%3A%22Poppins%22%2C%22font_weight%22%3A%22600%22%2C%22font_style%22%3A%22normal%22%2C%22font_size_lg%22%3A%2245%22%2C%22font_size_md%22%3A%22%22%2C%22font_size_sm%22%3A%22%22%2C%22font_size_xs%22%3A%22%22%2C%22align%22%3A%22%22%2C%22text_transform%22%3A%22%22%2C%22line_height%22%3A%22%22%2C%22letter_spacing%22%3A%22%22%2C%22color%22%3A%22%23ffffff%22%2C%22hover_color%22%3A%22%22%7D\u00bb][g5element_space spacing=\u00bb62&#8243; spacing_sm=\u00bb42&#8243;][\/vc_column][vc_column width=\u00bb1\/3&#8243; el_class=\u00bblg-col-pd-left-right-15&#8243; css=\u00bb.vc_custom_1622192385603{padding-right: 30px !important;padding-left: 30px !important;}\u00bb][g5element_image_box layout_style=\u00bbstyle-02&#8243; icon_image=\u00bb3284&#8243; img_style=\u00bbimg-default\u00bb img_size=\u00bbcustom\u00bb img_width=\u00bb100&#8243; title=\u00bbProductividad de Empleados\u00bb title_typography=\u00bb%7B%22font_family%22%3A%22%22%2C%22font_weight%22%3A%22%22%2C%22font_style%22%3A%22%22%2C%22font_size_lg%22%3A%2220%22%2C%22font_size_md%22%3A%22%22%2C%22font_size_sm%22%3A%22%22%2C%22font_size_xs%22%3A%22%22%2C%22align%22%3A%22%22%2C%22text_transform%22%3A%22%22%2C%22line_height%22%3A%22%22%2C%22letter_spacing%22%3A%22%22%2C%22color%22%3A%22%23ffffff%22%2C%22hover_color%22%3A%22%22%7D\u00bb description_typography=\u00bb%7B%22font_family%22%3A%22%22%2C%22font_weight%22%3A%22%22%2C%22font_style%22%3A%22%22%2C%22font_size_lg%22%3A%2216%22%2C%22font_size_md%22%3A%22%22%2C%22font_size_sm%22%3A%22%22%2C%22font_size_xs%22%3A%22%22%2C%22align%22%3A%22%22%2C%22text_transform%22%3A%22%22%2C%22line_height%22%3A%22%22%2C%22letter_spacing%22%3A%22%22%2C%22color%22%3A%22%23ffffff%22%2C%22hover_color%22%3A%22%22%7D\u00bb]<\/p>\n<p align=\"justify\"><span style=\"color: #ffffff;\">Nuestro contact center omnicanal mejora la eficiencia al unificar la gesti\u00f3n de llamadas, correos electr\u00f3nicos y otros canales de comunicaci\u00f3n. Esta integraci\u00f3n facilita la supervisi\u00f3n y formaci\u00f3n de agentes, optimizando su desempe\u00f1o y productividad.<\/span><\/p>\n<p>[\/g5element_image_box][g5element_space spacing=\u00bb\u00bb spacing_sm=\u00bb45&#8243;][\/vc_column][vc_column width=\u00bb1\/3&#8243; el_class=\u00bblg-col-pd-left-right-15&#8243; css=\u00bb.vc_custom_1622192398115{padding-right: 30px !important;padding-left: 30px !important;}\u00bb][g5element_image_box layout_style=\u00bbstyle-02&#8243; icon_image=\u00bb3283&#8243; img_style=\u00bbimg-default\u00bb img_size=\u00bbcustom\u00bb img_width=\u00bb100&#8243; title=\u00bbManejo de Gran Volumen de Operaci\u00f3n\u00bb title_typography=\u00bb%7B%22font_family%22%3A%22%22%2C%22font_weight%22%3A%22%22%2C%22font_style%22%3A%22%22%2C%22font_size_lg%22%3A%2220%22%2C%22font_size_md%22%3A%22%22%2C%22font_size_sm%22%3A%22%22%2C%22font_size_xs%22%3A%22%22%2C%22align%22%3A%22%22%2C%22text_transform%22%3A%22%22%2C%22line_height%22%3A%22%22%2C%22letter_spacing%22%3A%22%22%2C%22color%22%3A%22%23ffffff%22%2C%22hover_color%22%3A%22%22%7D\u00bb description_typography=\u00bb%7B%22font_family%22%3A%22%22%2C%22font_weight%22%3A%22%22%2C%22font_style%22%3A%22%22%2C%22font_size_lg%22%3A%2216%22%2C%22font_size_md%22%3A%22%22%2C%22font_size_sm%22%3A%22%22%2C%22font_size_xs%22%3A%22%22%2C%22align%22%3A%22%22%2C%22text_transform%22%3A%22%22%2C%22line_height%22%3A%22%22%2C%22letter_spacing%22%3A%22%22%2C%22color%22%3A%22%23ffffff%22%2C%22hover_color%22%3A%22%22%7D\u00bb]<\/p>\n<p align=\"justify\"><span style=\"color: #ffffff;\">La centralizaci\u00f3n de datos y la automatizaci\u00f3n nos permiten gestionar grandes vol\u00famenes de interacciones de manera m\u00e1s efectiva. Estas soluciones aseguran una operaci\u00f3n fluida y eficiente, incluso durante picos de alta demanda.<\/span><\/p>\n<p>[\/g5element_image_box][g5element_space spacing=\u00bb\u00bb spacing_sm=\u00bb45&#8243;][\/vc_column][vc_column width=\u00bb1\/3&#8243; el_class=\u00bblg-col-pd-left-right-15&#8243; css=\u00bb.vc_custom_1622192407766{padding-right: 30px !important;padding-left: 30px !important;}\u00bb][g5element_image_box layout_style=\u00bbstyle-02&#8243; icon_image=\u00bb3282&#8243; img_style=\u00bbimg-default\u00bb img_size=\u00bbcustom\u00bb img_width=\u00bb100&#8243; title=\u00bbSoluciones Integrales\u00bb title_typography=\u00bb%7B%22font_family%22%3A%22%22%2C%22font_weight%22%3A%22%22%2C%22font_style%22%3A%22%22%2C%22font_size_lg%22%3A%2220%22%2C%22font_size_md%22%3A%22%22%2C%22font_size_sm%22%3A%22%22%2C%22font_size_xs%22%3A%22%22%2C%22align%22%3A%22%22%2C%22text_transform%22%3A%22%22%2C%22line_height%22%3A%22%22%2C%22letter_spacing%22%3A%22%22%2C%22color%22%3A%22%23ffffff%22%2C%22hover_color%22%3A%22%22%7D\u00bb description_typography=\u00bb%7B%22font_family%22%3A%22%22%2C%22font_weight%22%3A%22%22%2C%22font_style%22%3A%22%22%2C%22font_size_lg%22%3A%2216%22%2C%22font_size_md%22%3A%22%22%2C%22font_size_sm%22%3A%22%22%2C%22font_size_xs%22%3A%22%22%2C%22align%22%3A%22%22%2C%22text_transform%22%3A%22%22%2C%22line_height%22%3A%22%22%2C%22letter_spacing%22%3A%22%22%2C%22color%22%3A%22%23ffffff%22%2C%22hover_color%22%3A%22%22%7D\u00bb]<\/p>\n<p align=\"justify\"><span style=\"color: #ffffff;\">Al integrar avanzadas soluciones tecnol\u00f3gicas, ofrecemos una\u00a0 experiencia omnicanal completa. Esto abarca desde la prestaci\u00f3n de servicios hasta la implementaci\u00f3n de la tecnolog\u00eda necesaria, garantizando que nuestros clientes reciban un soporte integral y cohesivo.<\/span><\/p>\n<p>[\/g5element_image_box][g5element_space spacing=\u00bb\u00bb spacing_sm=\u00bb45&#8243;][\/vc_column][vc_column][g5element_space spacing=\u00bb120&#8243; spacing_sm=\u00bb35&#8243;][\/vc_column][\/vc_row]<\/p>\n","protected":false},"excerpt":{"rendered":"<p>[vc_row el_class=\u00bbvc-col-no-pt\u00bb][vc_column][g5element_space spacing=\u00bb55&#8243; spacing_sm=\u00bb20&#8243; spacing_xs=\u00bb20&#8243;][\/vc_column][vc_column][g5element_heading layout_style=\u00bbstyle-02&#8243; title=\u00bbNuestros Servicios\u00bb title_typography=\u00bb%7B%22font_family%22%3A%22Poppins%22%2C%22font_weight%22%3A%22600%22%2C%22font_style%22%3A%22normal%22%2C%22font_size_lg%22%3A%2240%22%2C%22font_size_md%22%3A%22%22%2C%22font_size_sm%22%3A%22%22%2C%22font_size_xs%22%3A%2232%22%2C%22align%22%3A%22center%22%2C%22text_transform%22%3A%22%22%2C%22line_height%22%3A%221.5%22%2C%22letter_spacing%22%3A%22%22%2C%22color%22%3A%22%22%2C%22hover_color%22%3A%22%22%7D\u00bb subtitle_typography=\u00bb%7B%22font_family%22%3A%22%22%2C%22font_weight%22%3A%22%22%2C%22font_style%22%3A%22%22%2C%22font_size_lg%22%3A%2225%22%2C%22font_size_md%22%3A%22%22%2C%22font_size_sm%22%3A%22%22%2C%22font_size_xs%22%3A%22%22%2C%22align%22%3A%22right%22%2C%22text_transform%22%3A%22%22%2C%22line_height%22%3A%22%22%2C%22letter_spacing%22%3A%22%22%2C%22color%22%3A%22%22%2C%22hover_color%22%3A%22%22%7D\u00bb][g5element_space spacing=\u00bb50&#8243; spacing_md=\u00bb40&#8243; spacing_sm=\u00bb20&#8243; spacing_xs=\u00bb20&#8243;][g5element_slider_container slides_to_show=\u00bb3&#8243; columns_md=\u00bb2&#8243; columns_sm=\u00bb1&#8243; columns_xs=\u00bb1&#8243; navigation_arrow=\u00bb\u00bb][g5element_image_box layout_style=\u00bbstyle-02&#8243; icon_image=\u00bb3243&#8243; img_style=\u00bbimg-square\u00bb img_size=\u00bbimg-size-origin\u00bb title=\u00bbOutsourcing de Procesos Empresariales BPO\u00bb link=\u00bburl:https%3A%2F%2Ftaluns.com%2F%3Fpage_id%3D3317&#8243; switch_show_button=\u00bbon\u00bb text_button=\u00bbConoce M\u00e1s\u00bb title_typography=\u00bb%7B%22font_family%22%3A%22%22%2C%22font_weight%22%3A%22%22%2C%22font_style%22%3A%22%22%2C%22font_size_lg%22%3A%2218%22%2C%22font_size_md%22%3A%22%22%2C%22font_size_sm%22%3A%22%22%2C%22font_size_xs%22%3A%22%22%2C%22align%22%3A%22%22%2C%22text_transform%22%3A%22%22%2C%22line_height%22%3A%22%22%2C%22letter_spacing%22%3A%22%22%2C%22color%22%3A%22%22%2C%22hover_color%22%3A%22%22%7D\u00bb description_typography=\u00bb%7B%22font_family%22%3A%22%22%2C%22font_weight%22%3A%22%22%2C%22font_style%22%3A%22%22%2C%22font_size_lg%22%3A%2212%22%2C%22font_size_md%22%3A%22%22%2C%22font_size_sm%22%3A%22%22%2C%22font_size_xs%22%3A%22%22%2C%22align%22%3A%22%22%2C%22text_transform%22%3A%22%22%2C%22line_height%22%3A%22%22%2C%22letter_spacing%22%3A%22%22%2C%22color%22%3A%22%22%2C%22hover_color%22%3A%22%22%7D\u00bb button_style=\u00bboutline\u00bb]Integramos tecnolog\u00eda avanzada y estrategias personalizadas de BPO, garantizando la eficiencia operativa, optimizaci\u00f3n de costos y una experiencia excepcional para cada [&hellip;]<\/p>\n","protected":false},"author":1,"featured_media":0,"parent":0,"menu_order":0,"comment_status":"closed","ping_status":"closed","template":"","meta":{"footnotes":""},"class_list":["post-3397","page","type-page","status-publish","hentry"],"_links":{"self":[{"href":"https:\/\/taluns.com\/index.php?rest_route=\/wp\/v2\/pages\/3397","targetHints":{"allow":["GET"]}}],"collection":[{"href":"https:\/\/taluns.com\/index.php?rest_route=\/wp\/v2\/pages"}],"about":[{"href":"https:\/\/taluns.com\/index.php?rest_route=\/wp\/v2\/types\/page"}],"author":[{"embeddable":true,"href":"https:\/\/taluns.com\/index.php?rest_route=\/wp\/v2\/users\/1"}],"replies":[{"embeddable":true,"href":"https:\/\/taluns.com\/index.php?rest_route=%2Fwp%2Fv2%2Fcomments&post=3397"}],"version-history":[{"count":7,"href":"https:\/\/taluns.com\/index.php?rest_route=\/wp\/v2\/pages\/3397\/revisions"}],"predecessor-version":[{"id":3487,"href":"https:\/\/taluns.com\/index.php?rest_route=\/wp\/v2\/pages\/3397\/revisions\/3487"}],"wp:attachment":[{"href":"https:\/\/taluns.com\/index.php?rest_route=%2Fwp%2Fv2%2Fmedia&parent=3397"}],"curies":[{"name":"wp","href":"https:\/\/api.w.org\/{rel}","templated":true}]}}